ivided by 783864?
16
Calculate the remainder when 54699673 is divided by 426.
421
What is the remainder when 88011737 is divided by 42293?
4
What is the remainder when 6041506 is divided by 74?
72
Calculate the remainder when 151247 is divided by 37783.
115
What is the remainder when 3265241 is divided by 88?
1
What is the remainder when 130218 is divided by 129742?
476
Calculate the remainder when 102219628 is divided by 40.
28
Calculate the remainder when 720944 is divided by 185.
184
What is the remainder when 10390209 is divided by 577233?
15
What is the remainder when 4312989 is divided by 2434?
2375
Calculate the remainder when 14091582 is divided by 6167.
6154
What is the remainder when 546001 is divided by 5411?
4901
Calculate the remainder when 2290322 is divided by 9543.
2
What is the remainder when 60701587 is divided by 122?
121
What is the remainder when 866262 is divided by 202?
86
Calculate the remainder when 216192 is divided by 215777.
415
Calculate the remainder when 241321 is divided by 240881.
440
Calculate the remainder when 893455 is divided by 2628.
2563
What is the remainder when 66830427 is divided by 4724?
4723
What is the remainder when 54272 is divided by 27104?
64
Calculate the remainder when 2760828 is divided by 679.
14
What is the remainder when 50291276 is divided by 15479?
5
Calculate the remainder when 820983 is divided by 35692.
67
Calculate the remainder when 99759 is divided by 175.
9
What is the remainder when 13466 is divided by 12066?
1400
Calculate the remainder when 19372 is divided by 5645.
2437
Calculate the remainder when 48896 is divided by 2868.
140
Calculate the remainder when 625329 is divided by 108.
9
What is the remainder when 5873624 is divided by 1536?
1496
Calculate the remainder when 17894 is divided by 4390.
334
Calculate the remainder when 1756963 is divided by 878472.
19
What is the remainder when 1521051 is divided by 146?
23
What is the remainder when 5379413 is divided by 74?
57
What is the remainder when 2082966 is divided by 694322?
0
What is the remainder when 10879344 is divided by 3238?
2902
What is the remainder when 37523124 is divided by 920?
4
Calculate the remainder when 12197464 is divided by 1108858.
26
What is the remainder when 13220992 is divided by 1888709?
29
Calculate the remainder when 11930410 is divided by 142.
138
Calculate the remainder when 8176 is divided by 582.
28
What is the remainder when 213329 is divided by 929?
588
Calculate the remainder when 980422 is divided by 4085.
22
Calculate the remainder when 151298 is divided by 3875.
173
Calculate the remainder when 2667206 is divided by 205161.
113
Calculate the remainder when 67285011 is divided by 16821251.
7
What is the remainder when 8857923 is divided by 77?
74
Calculate the remainder when 66062638 is divided by 361.
360
What is the remainder when 845953 is divided by 92?
13
What is the remainder when 2354311 is divided by 98050?
1111
Calculate the remainder when 51589 is divided by 1173.
1150
What is the remainder when 10546322 is divided by 25?
22
What is the remainder when 76139004 is divided by 111?
108
What is the remainder when 1028115 is divided by 97?
12
Calculate the remainder when 722109 is divided by 545.
529
Calculate the remainder when 272103 is divided by 54414.
33
What is the remainder when 750310 is divided by 67?
44
What is the remainder when 618430 is divided by 63?
22
What is the remainder when 152940799 is divided by 1039?
1038
What is the remainder when 1469523 is divided by 12347?
230
Calculate the remainder when 11719 is divided by 2413.
2067
Calculate the remainder when 1202013 is divided by 1202009.
4
What is the remainder when 29796 is divided by 129?
126
What is the remainder when 31153560 is divided by 41?
38
Calculate the remainder when 26185 is divided by 3819.
3271
Calculate the remainder when 399263 is divided by 44357.
50
Calculate the remainder when 109774 is divided by 2379.
340
What is the remainder when 2281798 is divided by 535?
23
Calculate the remainder when 1287216 is divided by 4700.
4116
What is the remainder when 37235 is divided by 2718?
1901
Calculate the remainder when 951679 is divided by 475827.
25
Calculate the remainder when 37262 is divided by 36467.
795
Calculate the remainder when 537501 is divided by 2327.
2291
Calculate the remainder when 97727033 is divided by 18.
11
Calculate the remainder when 6179012 is divided by 1129.
1124
Calculate the remainder when 285300 is divided by 2593.
70
What is the remainder when 246962 is divided by 41138?
134
Calculate the remainder when 59286 is divided by 3884.
1026
What is the remainder when 67560 is divided by 15?
0
Calculate the remainder when 3340959 is divided by 3290.
1609
Calculate the remainder when 1057898 is divided by 217.
23
Calculate the remainder when 825226 is divided by 700.
626
What is the remainder when 154213 is divided by 14018?
15
Calculate the remainder when 47130374 is divided by 228.
38
Calculate the remainder when 2227049 is divided by 556758.
17
Calculate the remainder when 1668245 is divided by 128191.
1762
What is the remainder when 133625 is divided by 2993?
1933
What is the remainder when 7696368 is divided by 158?
30
Calculate the remainder when 47869820 is divided by 457.
441
What is the remainder when 112583 is divided by 56162?
259
What is the remainder when 118594 is divided by 118430?
164
Calculate the remainder when 413486 is divided by 206570.
346
Calculate the remainder when 3333827 is divided by 62.
25
What is the remainder when 1859036 is divided by 8221?
1090
Calculate the remainder when 509532 is divided by 9989.
93
Calculate the remainder when 975120 is divided by 2680.
2280
Calculate the remainder when 16766812 is divided by 4217.
20
Calculate the remainder when 1520787 is divided by 1960.
1787
What is the remainder when 5010703 is divided by 357904?
47
What is the remainder when 2613038 is divided by 367?
365
What is the remainder when 257884058 is divided by 1466?
1464
What is the remainder when 1731764 is divided by 577246?
26
What is the remainder when 93465944 is divided by 15?
14
What is the remainder when 62527786 is divided by 2780?
26
Calculate the remainder when 713298 is divided by 237752.
42
What is the remainder when 34505045 is divided by 2539?
35
Calculate the remainder when 64665 is divided by 29856.
4953
Calculate the remainder when 6235083 is divided by 473.
470
What is the remainder when 17113872 is divided by 1175?
1172
Calculate the remainder when 68862 is divided by 13767.
27
What is the remainder when 675716 is divided by 1971?
1634
Calculate the remainder when 64669 is divided by 293.
209
Calculate the remainder when 332704665 is divided by 246.
243
Calculate the remainder when 7129879 is divided by 254636.
71
What is the remainder when 34599383 is divided by 490?
483
Calculate the remainder when 6164 is divided by 1022.
32
Calculate the remainder when 23822532 is divided by 31.
24
What is the remainder when 2035899 is divided by 6007?
5533
Calculate the remainder when 33599 is divided by 948.
419
Calculate the remainder when 140878316 is divided by 147.
131
Calculate the remainder when 189134 is divided by 94338.
458
What is the remainder when 1339541 is divided by 51520?
21
Calculate the remainder when 1289869 is divided by 406.
7
What is the remainder when 4321630 is divided by 12?
10
Calculate the remainder when 2049088 is divided by 2555.
2533
Calculate the remainder when 438340 is divided by 12.
4
What is the remainder when 1766456 is divided by 2349?
8
Calculate the remainder when 38238364 is divided by 91261.
5
What is the remainder when 1630968 is divided by 1608?
456
What is the remainder when 4084107 is divided by 6?
3
Calculate the remainder when 940384 is divided by 81.
55
What is the remainder when 1266970 is divided by 3274?
3206
Calculate the remainder when 40794927 is divided by 81.
6
What is the remainder when 63762 is divided by 63275?
487
Calculate the remainder when 9372509 is divided by 2394.
2393
What is the remainder when 5231116 is divided by 218?
206
What is the remainder when 35720 is divided by 2873?
1244
What is the remainder when 2000586 is divided by 6759?
6681
Calculate the remainder when 97210425 is div